{"id":415,"date":"2023-05-09T22:26:18","date_gmt":"2023-05-09T20:26:18","guid":{"rendered":"http:\/\/h2993000.stratoserver.net\/wp02\/?page_id=415"},"modified":"2024-06-26T15:56:18","modified_gmt":"2024-06-26T13:56:18","slug":"impressum","status":"publish","type":"page","link":"https:\/\/www.hkw-kalkstein.de\/?page_id=415","title":{"rendered":"Impressum"},"content":{"rendered":"<div id=\"pl-415\"  class=\"panel-layout\" ><div id=\"pg-415-0\"  class=\"panel-grid panel-no-style\" ><div id=\"pgc-415-0-0\"  class=\"panel-grid-cell\" ><div id=\"panel-415-0-0-0\" class=\"so-panel widget widget_sow-editor panel-first-child panel-last-child\" data-index=\"0\" ><div\n\t\t\t\n\t\t\tclass=\"so-widget-sow-editor so-widget-sow-editor-base\"\n\t\t\t\n\t\t><h3 class=\"widget-title\">Impressum<\/h3>\n<div class=\"siteorigin-widget-tinymce textwidget\">\n\t<p>Verantwortlich f\u00fcr den Inhalt gem\u00e4\u00df \u00a7 5 TMG:<\/p>\n<p><strong>Hohenlimburger Kalkwerke GmbH<\/strong><br \/>\nOeger Stra\u00dfe 39<br \/>\nD-58119 Hagen<\/p>\n<p>Gesch\u00e4ftsf\u00fchrer:<br \/>\nDr.-Ing. Christian Lange, Dr. Matthias A. Lange<\/p>\n<p>Handelsregister: HRB 478<br \/>\nAG Hagen<\/p>\n<p>USt-ID: DE 125 131 670<\/p>\n<p>Tel.: +49 (0) 23 34 \/ 92 98-0<br \/>\nFax: +49 (0) 23 34 \/ 92 98-88<\/p>\n<p>E-Mail:&nbsp;<span id=\"cloakb903d053a69e4c6d46902cc9464b4df9\"><a href=\"mailto:info@hkw-kalkstein.de\">info@hkw-kalkstein.de<\/a><\/span><\/p>\n<hr \/>\n<p><strong>Disclaimer<\/strong><\/p>\n<p><strong>Haftungsbeschr\u00e4nkung<\/strong><br \/>\nDie Inhalte des Internetauftritts wurden mit gr\u00f6\u00dftm\u00f6glicher Sorgfalt und nach bestem Gewissen erstellt. Dennoch \u00fcbernimmt der Anbieter dieser Webseite keine Gew\u00e4hr f\u00fcr die Aktualit\u00e4t, Vollst\u00e4ndigkeit und Richtigkeit der bereitgestellten Seiten und Inhalte.<\/p>\n<p>Als Diensteanbieter ist der Anbieter dieser Webseite gem\u00e4\u00df \u00a7 7 Abs. 1 TMG f\u00fcr eigene Inhalte und bereitgestellte Informationen auf diesen Seiten nach den allgemeinen Gesetzen verantwortlich; nach den \u00a7\u00a7 8 bis 10 TMG jedoch nicht verpflichtet, die \u00fcbermittelten oder gespeicherten fremden Informationen zu \u00fcberwachen. Eine Entfernung oder Sperrung dieser Inhalte erfolgt umgehend ab dem Zeitpunkt der Kenntnis einer konkreten Rechtsverletzung. Eine Haftung ist erst ab dem Zeitpunkt der Kenntniserlangung m\u00f6glich.<\/p>\n<p><strong>Externe Links<\/strong><br \/>\nDie Webseite enth\u00e4lt sog. \u201eexterne Links\u201c (Verlinkungen) zu anderen Webseiten, auf deren Inhalt der Anbieter der Webseite keinen Einfluss hat. Aus diesem Grund kann der Anbieter f\u00fcr diese Inhalte auch keine Gew\u00e4hr \u00fcbernehmen.<br \/>\nF\u00fcr die Inhalte und Richtigkeit der bereitgestellten Informationen ist der jeweilige Anbieter der verlinkten Webseite verantwortlich. Zum Zeitpunkt der Verlinkung waren keine Rechtsverst\u00f6\u00dfe erkennbar. Bei Bekanntwerden einer solchen Rechtsverletzung wird der Link umgehend entfernen.<\/p>\n<p><strong>Urheberrecht\/Leistungsschutzrecht<\/strong><br \/>\nDie auf dieser Webseite ver\u00f6ffentlichten Inhalte, Werke und bereitgestellten Informationen unterliegen dem deutschen Urheberrecht und Leistungsschutzrecht. Jede Art der Vervielf\u00e4ltigung, Bearbeitung, Verbreitung, Einspeicherung und jede Art der Verwertung au\u00dferhalb der Grenzen des Urheberrechts bedarf der vorherigen schriftlichen Zustimmung des jeweiligen Rechteinhabers. Das unerlaubte Kopieren\/Speichern der bereitgestellten Informationen auf diesen Webseiten ist nicht gestattet und strafbar.<\/p>\n<hr \/>\n<p>Webdesign by&nbsp;WWW-MM Marketingberatung, Iserlohn<\/p>\n<\/div>\n<\/div><\/div><\/div><\/div><\/div>","protected":false},"excerpt":{"rendered":"<p>Verantwortlich f\u00fcr den Inhalt gem\u00e4\u00df \u00a7 5 TMG: Hohenlimburger Kalkwerke GmbH Oeger Stra\u00dfe 39 D-58119 Hagen Gesch\u00e4ftsf\u00fchrer: Dr.-Ing. Christian Lange, Dr. Matthias A. Lange Handelsregister: HRB 478 AG Hagen USt-ID: DE 125 131 670 Tel.: +49 (0) 23 34 \/ 92 98-0 Fax: +49 (0) 23 34 \/ 92 98-88 E-Mail:&nbsp;info@hkw-kalkstein.de Disclaimer Haftungsbeschr\u00e4nkung Die Inhalte [&hellip;]<\/p>\n","protected":false},"author":1,"featured_media":0,"parent":0,"menu_order":0,"comment_status":"closed","ping_status":"closed","template":"","meta":{"ngg_post_thumbnail":0,"footnotes":""},"class_list":["post-415","page","type-page","status-publish","hentry","post"],"_links":{"self":[{"href":"https:\/\/www.hkw-kalkstein.de\/index.php?rest_route=\/wp\/v2\/pages\/415","targetHints":{"allow":["GET"]}}],"collection":[{"href":"https:\/\/www.hkw-kalkstein.de\/index.php?rest_route=\/wp\/v2\/pages"}],"about":[{"href":"https:\/\/www.hkw-kalkstein.de\/index.php?rest_route=\/wp\/v2\/types\/page"}],"author":[{"embeddable":true,"href":"https:\/\/www.hkw-kalkstein.de\/index.php?rest_route=\/wp\/v2\/users\/1"}],"replies":[{"embeddable":true,"href":"https:\/\/www.hkw-kalkstein.de\/index.php?rest_route=%2Fwp%2Fv2%2Fcomments&post=415"}],"version-history":[{"count":7,"href":"https:\/\/www.hkw-kalkstein.de\/index.php?rest_route=\/wp\/v2\/pages\/415\/revisions"}],"predecessor-version":[{"id":1245,"href":"https:\/\/www.hkw-kalkstein.de\/index.php?rest_route=\/wp\/v2\/pages\/415\/revisions\/1245"}],"wp:attachment":[{"href":"https:\/\/www.hkw-kalkstein.de\/index.php?rest_route=%2Fwp%2Fv2%2Fmedia&parent=415"}],"curies":[{"name":"wp","href":"https:\/\/api.w.org\/{rel}","templated":true}]}}