{"id":1067,"date":"2024-06-11T16:28:15","date_gmt":"2024-06-11T14:28:15","guid":{"rendered":"http:\/\/h2993000.stratoserver.net\/wp02\/?page_id=1067"},"modified":"2026-03-26T17:04:25","modified_gmt":"2026-03-26T16:04:25","slug":"hkw-beton","status":"publish","type":"page","link":"https:\/\/www.hkw-kalkstein.de\/?page_id=1067","title":{"rendered":"HKW-Beton GmbH &#038; Co. KG"},"content":{"rendered":"<div id=\"pl-1067\"  class=\"panel-layout\" ><div id=\"pg-1067-0\"  class=\"panel-grid panel-has-style\" ><div class=\"siteorigin-panels-stretch panel-row-style panel-row-style-for-1067-0\" data-stretch-type=\"full-width-stretch\" ><div id=\"pgc-1067-0-0\"  class=\"panel-grid-cell\" ><div id=\"panel-1067-0-0-0\" class=\"so-panel widget widget_sow-hero panel-first-child panel-last-child\" data-index=\"0\" ><div\n\t\t\t\n\t\t\tclass=\"so-widget-sow-hero so-widget-sow-hero-default-72faba8095db-1067 so-widget-fittext-wrapper\"\n\t\t\t data-fit-text-compressor=\"0.85\"\n\t\t>\t\t\t\t<div class=\"sow-slider-base\" style=\"display: none\" tabindex=\"0\">\n\t\t\t\t\t<ul\n\t\t\t\t\tclass=\"sow-slider-images\"\n\t\t\t\t\tdata-settings=\"{&quot;pagination&quot;:true,&quot;speed&quot;:800,&quot;timeout&quot;:2000,&quot;paused&quot;:false,&quot;pause_on_hover&quot;:false,&quot;swipe&quot;:&quot;&quot;,&quot;nav_always_show_desktop&quot;:true,&quot;nav_always_show_mobile&quot;:true,&quot;breakpoint&quot;:&quot;780px&quot;,&quot;unmute&quot;:false,&quot;anchor&quot;:null}\"\n\t\t\t\t\tstyle=\"min-height: 450px\"\t\t\t\t\tdata-anchor-id=\"\"\n\t\t\t\t>\t\t<li class=\"sow-slider-image\" style=\"visibility: visible;;background-color: #333333\" >\n\t\t\t\t\t<div class=\"sow-slider-image-container\">\n\t\t\t<div class=\"sow-slider-image-wrapper\">\n\t\t\t\t\t\t\t<\/div>\n\t\t<\/div>\n\t\t<video class=\"sow-background-element sow-mobile-video_enabled\" autoplay loop style=\"opacity: 0.81\" muted playsinline><source src=\"https:\/\/www.hkw-kalkstein.de\/wp-content\/uploads\/header_beton.mp4\" type=\"video\/mp4\"><\/video>\t\t<\/li>\n\t\t<\/ul>\t\t\t\t<ol class=\"sow-slider-pagination\">\n\t\t\t\t\t\t\t\t\t\t\t<li><a href=\"#\" data-goto=\"0\" aria-label=\"Display slide 1\"><\/a><\/li>\n\t\t\t\t\t\t\t\t\t<\/ol>\n\n\t\t\t\t<div class=\"sow-slide-nav sow-slide-nav-next\">\n\t\t\t\t\t<a href=\"#\" data-goto=\"next\" aria-label=\"Next slide\" data-action=\"next\">\n\t\t\t\t\t\t<em class=\"sow-sld-icon-medium-right\"><\/em>\n\t\t\t\t\t<\/a>\n\t\t\t\t<\/div>\n\n\t\t\t\t<div class=\"sow-slide-nav sow-slide-nav-prev\">\n\t\t\t\t\t<a href=\"#\" data-goto=\"previous\" aria-label=\"Previous slide\" data-action=\"prev\">\n\t\t\t\t\t\t<em class=\"sow-sld-icon-medium-left\"><\/em>\n\t\t\t\t\t<\/a>\n\t\t\t\t<\/div>\n\t\t\t\t<\/div><\/div><\/div><\/div><\/div><\/div><div id=\"pg-1067-1\"  class=\"panel-grid panel-has-style\" ><div class=\"siteorigin-panels-stretch panel-row-style panel-row-style-for-1067-1\" data-stretch-type=\"full-width-stretch\" ><div id=\"pgc-1067-1-0\"  class=\"panel-grid-cell\" ><div id=\"panel-1067-1-0-0\" class=\"so-panel widget widget_media_image panel-first-child panel-last-child\" data-index=\"1\" ><div class=\"panel-widget-style panel-widget-style-for-1067-1-0-0\" ><img loading=\"lazy\" decoding=\"async\" width=\"2048\" height=\"1152\" src=\"https:\/\/www.hkw-kalkstein.de\/wp-content\/uploads\/hkw-beton.jpg\" class=\"image wp-image-1511  attachment-full size-full\" alt=\"\" style=\"max-width: 100%; height: auto;\" srcset=\"https:\/\/www.hkw-kalkstein.de\/wp-content\/uploads\/hkw-beton.jpg 2048w, https:\/\/www.hkw-kalkstein.de\/wp-content\/uploads\/hkw-beton-300x169.jpg 300w, https:\/\/www.hkw-kalkstein.de\/wp-content\/uploads\/hkw-beton-1024x576.jpg 1024w, https:\/\/www.hkw-kalkstein.de\/wp-content\/uploads\/hkw-beton-768x432.jpg 768w, https:\/\/www.hkw-kalkstein.de\/wp-content\/uploads\/hkw-beton-1536x864.jpg 1536w\" sizes=\"auto, (max-width: 2048px) 100vw, 2048px\" \/><\/div><\/div><\/div><div id=\"pgc-1067-1-1\"  class=\"panel-grid-cell\" ><div id=\"panel-1067-1-1-0\" class=\"so-panel widget widget_headline-widget panel-first-child\" data-index=\"2\" >\t\t<h1><strong>HKW-Beton GmbH &amp; Co. KG<\/strong><\/h1>\n\t\t<div class=\"decoration\"><div class=\"decoration-inside\"><\/div><\/div>\n\t\t<h3><\/h3>\n\t\t<\/div><div id=\"panel-1067-1-1-1\" class=\"so-panel widget widget_sow-editor panel-last-child\" data-index=\"3\" ><div\n\t\t\t\n\t\t\tclass=\"so-widget-sow-editor so-widget-sow-editor-base\"\n\t\t\t\n\t\t><h3 class=\"widget-title\">Wir \u00fcber uns<\/h3>\n<div class=\"siteorigin-widget-tinymce textwidget\">\n\t<div class=\"siteorigin-widget-tinymce textwidget\">\n<p>Der im Steinbruch der Hohenlimburger Kalkwerke gewonnene Kalkstein wird von HKW-Beton direkt am Standort Hohenlimburg-Oege zu zementgebundenen Baustoffen weiterverarbeitet. Hergestellt werden Betone, welche selbst h\u00f6chste Anforderungen moderner Ingenieurbautechnik erf\u00fcllen. Ebenfalls hergestellt werden k\u00f6nnen Betone unter Verwendung von rezyklierter Gesteinsk\u00f6rnung.&nbsp;<\/p>\n<hr \/>\n<p>HKW-Beton verf\u00fcgt am Standort Hohenlimburg \u00fcber zwei station\u00e4re Mischanlagen mit modernster Mischtechnik, welche eine kontinuierliche und witterungsunabh\u00e4ngige Einsatzbereitschaft gew\u00e4hrleistet. Wir beliefern gewerbliche wie auch private Kunden mit Baustoffen f\u00fcr den Hoch- und Tiefbau sowie f\u00fcr den Garten- und Landschaftsbau.<\/p>\n<hr \/>\n<p>Eine Flotte von Fahrmischern sorgt daf\u00fcr, dass jede gew\u00fcnschte Menge an die Baustellen ausgeliefert wird. Selbstabholungen sind w\u00e4hrend der \u00d6ffnungszeiten m\u00f6glich. Zum weiteren Leistungsspektrum von HKW-Beton z\u00e4hlen die Vermietung von Betonpumpen, Laborleistungen, Anwendungsberatung sowie sonstige Dienstleistungen rund um das Thema Beton.<\/p>\n<hr \/>\n<p>Wir freuen uns auf Ihre Anfragen.<\/p>\n<\/div>\n<\/div>\n<\/div><\/div><\/div><\/div><\/div><div id=\"pg-1067-2\"  class=\"panel-grid panel-has-style\" ><div class=\"siteorigin-panels-stretch panel-row-style panel-row-style-for-1067-2\" data-stretch-type=\"full-width-stretch\" ><div id=\"pgc-1067-2-0\"  class=\"panel-grid-cell panel-grid-cell-empty\" ><\/div><div id=\"pgc-1067-2-1\"  class=\"panel-grid-cell\" ><div id=\"panel-1067-2-1-0\" class=\"so-panel widget widget_media_image panel-first-child\" data-index=\"4\" ><div class=\"panel-widget-style panel-widget-style-for-1067-2-1-0\" ><img loading=\"lazy\" decoding=\"async\" width=\"300\" height=\"181\" src=\"https:\/\/www.hkw-kalkstein.de\/wp-content\/uploads\/logo_beton-300x181-1.png\" class=\"image wp-image-930  attachment-full size-full\" alt=\"\" style=\"max-width: 100%; height: auto;\" \/><\/div><\/div><div id=\"panel-1067-2-1-1\" class=\"so-panel widget widget_sow-editor panel-last-child\" data-index=\"5\" ><div\n\t\t\t\n\t\t\tclass=\"so-widget-sow-editor so-widget-sow-editor-base\"\n\t\t\t\n\t\t><h3 class=\"widget-title\">HKW-Beton GmbH<\/h3>\n<div class=\"siteorigin-widget-tinymce textwidget\">\n\t<p><strong><span style=\"font-size: 18pt;\">Oeger Stra\u00dfe 39<\/span><\/strong><br \/>\n<strong><span style=\"font-size: 18pt;\">58119 Hagen<\/span><\/strong><\/p>\n<\/div>\n<\/div><\/div><\/div><div id=\"pgc-1067-2-2\"  class=\"panel-grid-cell panel-grid-cell-empty\" ><\/div><div id=\"pgc-1067-2-3\"  class=\"panel-grid-cell\" ><div id=\"panel-1067-2-3-0\" class=\"so-panel widget widget_sow-editor panel-first-child panel-last-child\" data-index=\"6\" ><div\n\t\t\t\n\t\t\tclass=\"so-widget-sow-editor so-widget-sow-editor-base\"\n\t\t\t\n\t\t><h3 class=\"widget-title\">Ansprechpartner<\/h3>\n<div class=\"siteorigin-widget-tinymce textwidget\">\n\t<hr \/>\n<table style=\"width: 100%; border-collapse: collapse;\" border=\"1\">\n<tbody>\n<tr>\n<td style=\"width: 50%;\"><span style=\"font-family: arial, helvetica, sans-serif;\"><strong>Werkleitung u. Vertrieb<\/strong><\/span><\/p>\n<p>Frank Keil<\/p>\n<p>Tel.:&nbsp; 02334\/92 98 \u2013 62<\/p>\n<p>Mobil <span id=\"skype_c2c_container\" class=\"skype_c2c_container notranslate\" dir=\"ltr\" tabindex=\"-1\" data-numbertocall=\"+491795026936\" data-numbertype=\"paid\" data-isfreecall=\"false\" data-isrtl=\"false\" data-ismobile=\"false\"><span class=\"skype_c2c_highlighting_inactive_common\" dir=\"ltr\"><span id=\"non_free_num_ui\" class=\"skype_c2c_textarea_span\"><img decoding=\"async\" class=\"skype_c2c_logo_img\" src=\"chrome-extension:\/\/lifbcibllhkdhoafpjfnlhfpfgnpldfl\/call_skype_logo.png\" alt=\"\" width=\"NaN\" height=\"0\"\/><span class=\"skype_c2c_text_span\">0179 5026936<\/span><\/span><\/span><\/span><\/p>\n<p><span id=\"cloak3b90d5f2f2d5278d218172dc65e71c0d\"><a href=\"mailto:f.keil@hkw-kalkstein.de\">f.keil@hkw-kalkstein.de<\/a><\/span><\/p>\n<p>&nbsp;<\/p>\n<\/td>\n<\/tr>\n<\/tbody>\n<\/table>\n<p>&nbsp;<\/p>\n<p>&nbsp;<\/p>\n<p>&nbsp;<\/p>\n<\/div>\n<\/div><\/div><\/div><div id=\"pgc-1067-2-4\"  class=\"panel-grid-cell\" ><div id=\"panel-1067-2-4-0\" class=\"so-panel widget widget_media_image panel-first-child panel-last-child\" data-index=\"7\" ><div class=\"panel-widget-style panel-widget-style-for-1067-2-4-0\" ><img loading=\"lazy\" decoding=\"async\" width=\"2560\" height=\"1440\" src=\"https:\/\/www.hkw-kalkstein.de\/wp-content\/uploads\/hkw003.jpg\" class=\"image wp-image-1309  attachment-full size-full\" alt=\"\" style=\"max-width: 100%; height: auto;\" srcset=\"https:\/\/www.hkw-kalkstein.de\/wp-content\/uploads\/hkw003.jpg 2560w, https:\/\/www.hkw-kalkstein.de\/wp-content\/uploads\/hkw003-300x169.jpg 300w, https:\/\/www.hkw-kalkstein.de\/wp-content\/uploads\/hkw003-1024x576.jpg 1024w, https:\/\/www.hkw-kalkstein.de\/wp-content\/uploads\/hkw003-768x432.jpg 768w, https:\/\/www.hkw-kalkstein.de\/wp-content\/uploads\/hkw003-1536x864.jpg 1536w, https:\/\/www.hkw-kalkstein.de\/wp-content\/uploads\/hkw003-2048x1152.jpg 2048w\" sizes=\"auto, (max-width: 2560px) 100vw, 2560px\" \/><\/div><\/div><\/div><\/div><\/div><div id=\"pg-1067-3\"  class=\"panel-grid panel-has-style\" ><div class=\"siteorigin-panels-stretch panel-row-style panel-row-style-for-1067-3\" data-stretch-type=\"full-width-stretch\" ><div id=\"pgc-1067-3-0\"  class=\"panel-grid-cell\" ><div id=\"panel-1067-3-0-0\" class=\"so-panel widget widget_sow-slider panel-first-child panel-last-child\" data-index=\"8\" ><div class=\"panel-widget-style panel-widget-style-for-1067-3-0-0\" ><div\n\t\t\t\n\t\t\tclass=\"so-widget-sow-slider so-widget-sow-slider-default-6d39609536fd-1067\"\n\t\t\t\n\t\t>\t\t\t\t<div class=\"sow-slider-base\" style=\"display: none\" tabindex=\"0\">\n\t\t\t\t\t<ul\n\t\t\t\t\tclass=\"sow-slider-images\"\n\t\t\t\t\tdata-settings=\"{&quot;pagination&quot;:true,&quot;speed&quot;:400,&quot;timeout&quot;:4000,&quot;paused&quot;:false,&quot;pause_on_hover&quot;:false,&quot;swipe&quot;:true,&quot;nav_always_show_desktop&quot;:&quot;&quot;,&quot;nav_always_show_mobile&quot;:&quot;&quot;,&quot;breakpoint&quot;:&quot;780px&quot;,&quot;unmute&quot;:false,&quot;anchor&quot;:null}\"\n\t\t\t\t\t\t\t\t\t\tdata-anchor-id=\"\"\n\t\t\t\t>\t\t<li class=\"sow-slider-image\" style=\"visibility: visible;\" >\n\t\t\t\t\t\t<div class=\"sow-slider-image-container\">\n\t\t\t\t<div class=\"sow-slider-image-wrapper\" style=\"max-width: 1920px\">\n\t\t\t\t\t\t\t\t\t\t<div class=\"sow-slider-image-foreground-wrapper\">\n\t\t\t\t\t\t<img loading=\"lazy\" decoding=\"async\" width=\"1920\" height=\"400\" src=\"https:\/\/www.hkw-kalkstein.de\/wp-content\/uploads\/hkw1.jpg\" class=\"sow-slider-foreground-image\" alt=\"\" style=\"\" srcset=\"https:\/\/www.hkw-kalkstein.de\/wp-content\/uploads\/hkw1.jpg 1920w, https:\/\/www.hkw-kalkstein.de\/wp-content\/uploads\/hkw1-300x63.jpg 300w, https:\/\/www.hkw-kalkstein.de\/wp-content\/uploads\/hkw1-1024x213.jpg 1024w, https:\/\/www.hkw-kalkstein.de\/wp-content\/uploads\/hkw1-768x160.jpg 768w, https:\/\/www.hkw-kalkstein.de\/wp-content\/uploads\/hkw1-1536x320.jpg 1536w\" sizes=\"auto, (max-width: 1920px) 100vw, 1920px\" \/>\t\t\t\t\t<\/div>\n\t\t\t\t\t\t\t\t\t<\/div>\n\t\t\t<\/div>\n\t\t\t\t\t<\/li>\n\t\t\t\t<li class=\"sow-slider-image\" style=\"visibility: hidden;\" >\n\t\t\t\t\t\t<div class=\"sow-slider-image-container\">\n\t\t\t\t<div class=\"sow-slider-image-wrapper\" style=\"max-width: 1920px\">\n\t\t\t\t\t\t\t\t\t\t<div class=\"sow-slider-image-foreground-wrapper\">\n\t\t\t\t\t\t<img loading=\"lazy\" decoding=\"async\" width=\"1920\" height=\"400\" src=\"https:\/\/www.hkw-kalkstein.de\/wp-content\/uploads\/hkw6.jpg\" class=\"sow-slider-foreground-image\" alt=\"\" style=\"\" srcset=\"https:\/\/www.hkw-kalkstein.de\/wp-content\/uploads\/hkw6.jpg 1920w, https:\/\/www.hkw-kalkstein.de\/wp-content\/uploads\/hkw6-300x63.jpg 300w, https:\/\/www.hkw-kalkstein.de\/wp-content\/uploads\/hkw6-1024x213.jpg 1024w, https:\/\/www.hkw-kalkstein.de\/wp-content\/uploads\/hkw6-768x160.jpg 768w, https:\/\/www.hkw-kalkstein.de\/wp-content\/uploads\/hkw6-1536x320.jpg 1536w\" sizes=\"auto, (max-width: 1920px) 100vw, 1920px\" \/>\t\t\t\t\t<\/div>\n\t\t\t\t\t\t\t\t\t<\/div>\n\t\t\t<\/div>\n\t\t\t\t\t<\/li>\n\t\t\t\t<li class=\"sow-slider-image\" style=\"visibility: hidden;\" >\n\t\t\t\t\t\t<div class=\"sow-slider-image-container\">\n\t\t\t\t<div class=\"sow-slider-image-wrapper\" style=\"max-width: 1920px\">\n\t\t\t\t\t\t\t\t\t\t<div class=\"sow-slider-image-foreground-wrapper\">\n\t\t\t\t\t\t<img loading=\"lazy\" decoding=\"async\" width=\"1920\" height=\"400\" src=\"https:\/\/www.hkw-kalkstein.de\/wp-content\/uploads\/hkw2.jpg\" class=\"sow-slider-foreground-image\" alt=\"\" style=\"\" srcset=\"https:\/\/www.hkw-kalkstein.de\/wp-content\/uploads\/hkw2.jpg 1920w, https:\/\/www.hkw-kalkstein.de\/wp-content\/uploads\/hkw2-300x63.jpg 300w, https:\/\/www.hkw-kalkstein.de\/wp-content\/uploads\/hkw2-1024x213.jpg 1024w, https:\/\/www.hkw-kalkstein.de\/wp-content\/uploads\/hkw2-768x160.jpg 768w, https:\/\/www.hkw-kalkstein.de\/wp-content\/uploads\/hkw2-1536x320.jpg 1536w\" sizes=\"auto, (max-width: 1920px) 100vw, 1920px\" \/>\t\t\t\t\t<\/div>\n\t\t\t\t\t\t\t\t\t<\/div>\n\t\t\t<\/div>\n\t\t\t\t\t<\/li>\n\t\t\t\t<li class=\"sow-slider-image\" style=\"visibility: hidden;\" >\n\t\t\t\t\t\t<div class=\"sow-slider-image-container\">\n\t\t\t\t<div class=\"sow-slider-image-wrapper\" style=\"max-width: 1920px\">\n\t\t\t\t\t\t\t\t\t\t<div class=\"sow-slider-image-foreground-wrapper\">\n\t\t\t\t\t\t<img loading=\"lazy\" decoding=\"async\" width=\"1920\" height=\"400\" src=\"https:\/\/www.hkw-kalkstein.de\/wp-content\/uploads\/00008.jpg\" class=\"sow-slider-foreground-image\" alt=\"\" style=\"\" srcset=\"https:\/\/www.hkw-kalkstein.de\/wp-content\/uploads\/00008.jpg 1920w, https:\/\/www.hkw-kalkstein.de\/wp-content\/uploads\/00008-300x63.jpg 300w, https:\/\/www.hkw-kalkstein.de\/wp-content\/uploads\/00008-1024x213.jpg 1024w, https:\/\/www.hkw-kalkstein.de\/wp-content\/uploads\/00008-768x160.jpg 768w, https:\/\/www.hkw-kalkstein.de\/wp-content\/uploads\/00008-1536x320.jpg 1536w\" sizes=\"auto, (max-width: 1920px) 100vw, 1920px\" \/>\t\t\t\t\t<\/div>\n\t\t\t\t\t\t\t\t\t<\/div>\n\t\t\t<\/div>\n\t\t\t\t\t<\/li>\n\t\t\t\t<li class=\"sow-slider-image\" style=\"visibility: hidden;\" >\n\t\t\t\t\t\t<div class=\"sow-slider-image-container\">\n\t\t\t\t<div class=\"sow-slider-image-wrapper\" style=\"max-width: 1920px\">\n\t\t\t\t\t\t\t\t\t\t<div class=\"sow-slider-image-foreground-wrapper\">\n\t\t\t\t\t\t<img loading=\"lazy\" decoding=\"async\" width=\"1920\" height=\"400\" src=\"https:\/\/www.hkw-kalkstein.de\/wp-content\/uploads\/00001.jpg\" class=\"sow-slider-foreground-image\" alt=\"\" style=\"\" srcset=\"https:\/\/www.hkw-kalkstein.de\/wp-content\/uploads\/00001.jpg 1920w, https:\/\/www.hkw-kalkstein.de\/wp-content\/uploads\/00001-300x63.jpg 300w, https:\/\/www.hkw-kalkstein.de\/wp-content\/uploads\/00001-1024x213.jpg 1024w, https:\/\/www.hkw-kalkstein.de\/wp-content\/uploads\/00001-768x160.jpg 768w, https:\/\/www.hkw-kalkstein.de\/wp-content\/uploads\/00001-1536x320.jpg 1536w\" sizes=\"auto, (max-width: 1920px) 100vw, 1920px\" \/>\t\t\t\t\t<\/div>\n\t\t\t\t\t\t\t\t\t<\/div>\n\t\t\t<\/div>\n\t\t\t\t\t<\/li>\n\t\t<\/ul>\t\t\t\t<ol class=\"sow-slider-pagination\">\n\t\t\t\t\t\t\t\t\t\t\t<li><a href=\"#\" data-goto=\"0\" aria-label=\"Display slide 1\"><\/a><\/li>\n\t\t\t\t\t\t\t\t\t\t\t<li><a href=\"#\" data-goto=\"1\" aria-label=\"Display slide 2\"><\/a><\/li>\n\t\t\t\t\t\t\t\t\t\t\t<li><a href=\"#\" data-goto=\"2\" aria-label=\"Display slide 3\"><\/a><\/li>\n\t\t\t\t\t\t\t\t\t\t\t<li><a href=\"#\" data-goto=\"3\" aria-label=\"Display slide 4\"><\/a><\/li>\n\t\t\t\t\t\t\t\t\t\t\t<li><a href=\"#\" data-goto=\"4\" aria-label=\"Display slide 5\"><\/a><\/li>\n\t\t\t\t\t\t\t\t\t<\/ol>\n\n\t\t\t\t<div class=\"sow-slide-nav sow-slide-nav-next\">\n\t\t\t\t\t<a href=\"#\" data-goto=\"next\" aria-label=\"Next slide\" data-action=\"next\">\n\t\t\t\t\t\t<em class=\"sow-sld-icon-thin-right\"><\/em>\n\t\t\t\t\t<\/a>\n\t\t\t\t<\/div>\n\n\t\t\t\t<div class=\"sow-slide-nav sow-slide-nav-prev\">\n\t\t\t\t\t<a href=\"#\" data-goto=\"previous\" aria-label=\"Previous slide\" data-action=\"prev\">\n\t\t\t\t\t\t<em class=\"sow-sld-icon-thin-left\"><\/em>\n\t\t\t\t\t<\/a>\n\t\t\t\t<\/div>\n\t\t\t\t<\/div><\/div><\/div><\/div><\/div><\/div><\/div><\/div>","protected":false},"excerpt":{"rendered":"<p>Der im Steinbruch der Hohenlimburger Kalkwerke gewonnene Kalkstein wird von HKW-Beton direkt am Standort Hohenlimburg-Oege zu zementgebundenen Baustoffen weiterverarbeitet. Hergestellt werden Betone, welche selbst h\u00f6chste Anforderungen moderner Ingenieurbautechnik erf\u00fcllen. Ebenfalls hergestellt werden k\u00f6nnen Betone unter Verwendung von rezyklierter Gesteinsk\u00f6rnung.&nbsp; HKW-Beton verf\u00fcgt am Standort Hohenlimburg \u00fcber zwei station\u00e4re Mischanlagen mit modernster Mischtechnik, welche eine kontinuierliche und [&hellip;]<\/p>\n","protected":false},"author":1,"featured_media":0,"parent":0,"menu_order":0,"comment_status":"closed","ping_status":"closed","template":"home-panels.php","meta":{"ngg_post_thumbnail":0,"footnotes":""},"class_list":["post-1067","page","type-page","status-publish","hentry","post"],"_links":{"self":[{"href":"https:\/\/www.hkw-kalkstein.de\/index.php?rest_route=\/wp\/v2\/pages\/1067","targetHints":{"allow":["GET"]}}],"collection":[{"href":"https:\/\/www.hkw-kalkstein.de\/index.php?rest_route=\/wp\/v2\/pages"}],"about":[{"href":"https:\/\/www.hkw-kalkstein.de\/index.php?rest_route=\/wp\/v2\/types\/page"}],"author":[{"embeddable":true,"href":"https:\/\/www.hkw-kalkstein.de\/index.php?rest_route=\/wp\/v2\/users\/1"}],"replies":[{"embeddable":true,"href":"https:\/\/www.hkw-kalkstein.de\/index.php?rest_route=%2Fwp%2Fv2%2Fcomments&post=1067"}],"version-history":[{"count":30,"href":"https:\/\/www.hkw-kalkstein.de\/index.php?rest_route=\/wp\/v2\/pages\/1067\/revisions"}],"predecessor-version":[{"id":1640,"href":"https:\/\/www.hkw-kalkstein.de\/index.php?rest_route=\/wp\/v2\/pages\/1067\/revisions\/1640"}],"wp:attachment":[{"href":"https:\/\/www.hkw-kalkstein.de\/index.php?rest_route=%2Fwp%2Fv2%2Fmedia&parent=1067"}],"curies":[{"name":"wp","href":"https:\/\/api.w.org\/{rel}","templated":true}]}}